{"id":2,"date":"2007-07-06T16:40:43","date_gmt":"2007-07-06T14:40:43","guid":{"rendered":""},"modified":"2019-05-10T00:13:36","modified_gmt":"2019-05-09T22:13:36","slug":"eine-seite","status":"publish","type":"page","link":"https:\/\/www.anonymekoeche.net\/?page_id=2","title":{"rendered":"Zu Tisch, bitte."},"content":{"rendered":"<p><a href=\"https:\/\/www.anonymekoeche.net\/?attachment_id=8728\" rel=\"attachment wp-att-8728\"><img loading=\"lazy\" decoding=\"async\" class=\"alignnone size-full wp-image-8728\" src=\"https:\/\/www.anonymekoeche.net\/wp-content\/uploads\/AK_NZZaS_Portrait_600p.jpg\" alt=\"Claudio Del Principe\" width=\"600\" height=\"442\" srcset=\"https:\/\/www.anonymekoeche.net\/wp-content\/uploads\/AK_NZZaS_Portrait_600p.jpg 600w, https:\/\/www.anonymekoeche.net\/wp-content\/uploads\/AK_NZZaS_Portrait_600p-300x221.jpg 300w\" sizes=\"auto, (max-width: 600px) 100vw, 600px\" \/><\/a><\/p>\n<p>Hallo, mein Name ist Claudio und ich bin s\u00fcchtig nach Kochen, seit Ma mir eine Pfanne f\u00fcr meine Experimente auf den Herd gestellt hat \u2013 da war ich vier.<\/p>\n<p>Ich habe Anonyme K\u00f6che 2007 aufgesetzt, weil es bei mir kulinarisch konstant brodelt. Ich schreibe mir hier all die Dinge von der Seele, die meinen Gaumen stimulieren und meine Sinne ansprechen. Seither hat sich ganz sch\u00f6n was zusammengebraut und die illustre Gesellschaft, die sich hier zum Lesen trifft, \u00a0 \u00a0 \u00a0 wird immer gr\u00f6sser.\u00a0Danke f\u00fcr die Lesetreue!<\/p>\n<p>Ich lebe in der Schweiz und arbeite als <a href=\"http:\/\/www.delprincipe.ch\/index.php\" target=\"_blank\" rel=\"noopener\">Texter<\/a> und Foodautor\u00a0im deutschsprachigen Raum. Kulinarische Lesehappen bereite ich also auch \u00e0 la Carte zu. Damit entfache ich gerne eine heftige Leidenschaft f\u00fcrs Kochen und Geniessen, die in so vielen von uns schlummert. Aus meiner Kreativk\u00fcche gibt es Redaktionelles, Reportagen, Rezeptentwicklungen und Randnotizen aus der Sicht eines Kochbesessenen.<\/p>\n<p>Der Header und das Anonyme K\u00f6che Logo hat mein allerbester\u00a0<a href=\"http:\/\/patrickwidmer.com\" target=\"_blank\" rel=\"noopener\">Patrick<\/a> entworfen. Das Foto hat <a href=\"http:\/\/www.nitsch.ch\" target=\"_blank\" rel=\"noopener\">Marion<\/a> geschossen. Ich selbst fotografiere mit einer <a href=\"https:\/\/fuji.ch\/de\/kamera-und-zubehoer\" target=\"_blank\" rel=\"noopener\">Fujifilm<\/a> X-T2.<\/p>\n<p><strong>Impressum\/Datenschutzerkl\u00e4rung:<\/strong><\/p>\n<h5>Anonyme K\u00f6che ist ein pers\u00f6nlicher Blog von Claudio Del Principe ohne kommerzielle Zwecke. Das Lesen der Inhalte ist kostenlos.<\/h5>\n<h5>Kontakt:<br \/>\nClaudio Del Principe<br \/>\nB\u00fcndtenweg 20<br \/>\nCH-4102 Binningen<br \/>\nclaudio@anonymekoeche.net<\/h5>\n<h6>Haftungsausschluss<br \/>\nDer Autor \u00fcbernimmt keinerlei Gew\u00e4hr hinsichtlich der inhaltlichen Richtigkeit, Genauigkeit, Aktualit\u00e4t, Zuverl\u00e4ssigkeit und Vollst\u00e4ndigkeit der Informationen. Haftungsanspr\u00fcche gegen den Autor wegen Sch\u00e4den materieller oder immaterieller Art, welche aus dem Zugriff oder der Nutzung bzw. Nichtnutzung der ver\u00f6ffentlichten Informationen, durch Missbrauch der Verbindung oder durch technische St\u00f6rungen entstanden sind, werden ausgeschlossen. Alle Angebote sind unverbindlich. Der Autor beh\u00e4lt es sich ausdr\u00fccklich vor, Teile der Seiten oder das gesamte Angebot ohne gesonderte Ank\u00fcndigung zu ver\u00e4ndern, zu erg\u00e4nzen, zu l\u00f6schen oder die Ver\u00f6ffentlichung zeitweise oder endg\u00fcltig einzustellen.<\/h6>\n<h6>Haftung f\u00fcr Links<br \/>\nVerweise und Links auf Webseiten Dritter liegen ausserhalb meines Verantwortungsbereichs. Ich lehne jegliche Verantwortung f\u00fcr solcher Webseiten ab. Der Zugriff und die Nutzung solcher Webseiten erfolgen auf eigene Gefahr des Nutzers oder der Nutzerin.<\/h6>\n<h6>Urheberrechte<br \/>\nDie Urheber- und alle anderen Rechte an Inhalten, Bildern, Fotos oder anderen Dateien auf der Website geh\u00f6ren ausschliesslich\u00a0<strong>Claudio Del Principe<\/strong>\u00a0oder den speziell genannten Rechtsinhabern. F\u00fcr die Reproduktion jeglicher Elemente ist die schriftliche Zustimmung der Urheberrechtstr\u00e4ger im Voraus einzuholen.<\/h6>\n<h6>Datenschutz<br \/>\nGest\u00fctzt auf Artikel 13 der schweizerischen Bundesverfassung und die datenschutzrechtlichen Bestimmungen des Bundes (Datenschutzgesetz, DSG) hat jede Person Anspruch auf Schutz ihrer Privatsph\u00e4re sowie auf Schutz vor Missbrauch ihrer pers\u00f6nlichen Daten. Ich halte diese Bestimmungen ein. Pers\u00f6nliche Daten werden streng vertraulich behandelt und weder an Dritte verkauft noch weiter gegeben. In enger Zusammenarbeit mit meinem Hosting-Provider bem\u00fchen wir uns, die Datenbanken so gut wie m\u00f6glich vor fremden Zugriffen, Verlusten, Missbrauch oder vor F\u00e4lschung zu sch\u00fctzen. Beim Zugriff auf unsere Webseiten werden folgende Daten in Logfiles gespeichert: IP-Adresse, Datum, Uhrzeit, Browser-Anfrage und allg. \u00fcbertragene Informationen zum Betriebssystem resp. Browser. Diese Nutzungsdaten bilden die Basis f\u00fcr statistische, anonyme Auswertungen, so dass Trends erkennbar sind, anhand derer wir den Inhalt entsprechend verbessern k\u00f6nnen.<\/h6>\n<h6>Datenschutzerkl\u00e4rung f\u00fcr die Nutzung von Facebook-Plugins (Like-Button)<br \/>\nAuf diesen Seiten sind Plugins des sozialen Netzwerks Facebook, 1601 South California Avenue, Palo Alto, CA 94304, USA integriert. Die Facebook-Plugins erkennen Sie an dem Facebook-Logo oder dem \u201eLike-Button\u201c (\u201eGef\u00e4llt mir\u201c) auf unserer Seite. Eine \u00dcbersicht \u00fcber die Facebook-Plugins finden Sie hier: http:\/\/developers.facebook.com\/docs\/plugins\/. Wenn Sie diese Seiten besuchen, wird \u00fcber das Plugin eine direkte Verbindung zwischen Ihrem Browser und dem Facebook-Server hergestellt. Facebook erh\u00e4lt dadurch die Information, dass Sie mit Ihrer IP-Adresse unsere Seite besucht haben. Wenn Sie den Facebook \u201eLike-Button\u201c anklicken w\u00e4hrend Sie in Ihrem Facebook-Account eingeloggt sind, k\u00f6nnen Sie die Inhalte unserer Seiten auf Ihrem Facebook-Profil verlinken. Dadurch kann Facebook den Besuch diese Seiten Ihrem Benutzerkonto zuordnen. Wir weisen darauf hin, dass wir als Anbieter der Seiten keine Kenntnis vom Inhalt der \u00fcbermittelten Daten sowie deren Nutzung durch Facebook erhalten. Weitere Informationen hierzu finden Sie in der Datenschutzerkl\u00e4rung von facebook unter https:\/\/www.facebook.com\/about\/privacy\/ Wenn Sie nicht w\u00fcnschen, dass Facebook den Besuch unserer Seiten Ihrem Facebook-Nutzerkonto zuordnen kann, loggen Sie sich bitte aus Ihrem Facebook-Benutzerkonto aus.<\/h6>\n<h6>Datenschutzerkl\u00e4rung f\u00fcr die Nutzung von Google Adsense<br \/>\nDiese Website benutzt Google AdSense, einen Dienst zum Einbinden von Werbeanzeigen der Google Inc. (\u201eGoogle\u201c). Google AdSense verwendet sog. \u201eCookies\u201c, Textdateien, die auf Ihrem Computer gespeichert werden und die eine Analyse der Benutzung der Website erm\u00f6glicht. Google AdSense verwendet auch so genannte Web Beacons (unsichtbare Grafiken). Durch diese Web Beacons k\u00f6nnen Informationen wie der Besucherverkehr auf diesen Seiten ausgewertet werden. Die durch Cookies und Web Beacons erzeugten Informationen \u00fcber die Benutzung dieser Website (einschlie\u00dflich Ihrer IP-Adresse) und Auslieferung von Werbeformaten werden an einen Server von Google in den USA \u00fcbertragen und dort gespeichert. Diese Informationen k\u00f6nnen von Google an Vertragspartner von Google weiter gegeben werden. Google wird Ihre IP-Adresse jedoch nicht mit anderen von Ihnen gespeicherten Daten zusammenf\u00fchren. Sie k\u00f6nnen die Installation der Cookies durch eine entsprechende Einstellung Ihrer Browser Software verhindern; wir weisen Sie jedoch darauf hin, dass Sie in diesem Fall gegebenenfalls nicht s\u00e4mtliche Funktionen dieser Website voll umf\u00e4nglich nutzen k\u00f6nnen. Durch die Nutzung dieser Website erkl\u00e4ren Sie sich mit der Bearbeitung der \u00fcber Sie erhobenen Daten durch Google in der zuvor beschriebenen Art und Weise und zu dem zuvor benannten Zweck einverstanden.<\/h6>\n<h6>Datenschutzerkl\u00e4rung f\u00fcr die Nutzung von Google Analytics<br \/>\nDiese Website benutzt Google Analytics, einen Webanalysedienst der Google Inc. (\u201eGoogle\u201c). Google Analytics verwendet sog. \u201eCookies\u201c, Textdateien, die auf Ihrem Computer gespeichert werden und die eine Analyse der Benutzung der Website durch Sie erm\u00f6glichen. Die durch den Cookie erzeugten Informationen \u00fcber Ihre Benutzung dieser Website werden in der Regel an einen Server von Google in den USA \u00fcbertragen und dort gespeichert. Im Falle der Aktivierung der IP-Anonymisierung auf dieser Webseite wird Ihre IP-Adresse von Google jedoch innerhalb von Mitgliedstaaten der Europ\u00e4ischen Union oder in anderen Vertragsstaaten des Abkommens \u00fcber den Europ\u00e4ischen Wirtschaftsraum zuvor gek\u00fcrzt. Nur in Ausnahmef\u00e4llen wird die volle IP-Adresse an einen Server von Google in den USA \u00fcbertragen und dort gek\u00fcrzt. Google wird diese Informationen benutzen, um Ihre Nutzung der Website auszuwerten, um Reports \u00fcber die Websiteaktivit\u00e4ten f\u00fcr die Websitebetreiber zusammenzustellen und um weitere mit der Websitenutzung und der Internetnutzung verbundene Dienstleistungen zu erbringen. Auch wird Google diese Informationen gegebenenfalls an Dritte \u00fcbertragen, sofern dies gesetzlich vorgeschrieben oder soweit Dritte diese Daten im Auftrag von Google verarbeiten. Die im Rahmen von Google Analytics von Ihrem Browser \u00fcbermittelte IP-Adresse wird nicht mit anderen Daten von Google zusammengef\u00fchrt. Sie k\u00f6nnen die Installation der Cookies durch eine entsprechende Einstellung Ihrer Browser Software verhindern; wir weisen Sie jedoch darauf hin, dass Sie in diesem Fall gegebenenfalls nicht s\u00e4mtliche Funktionen dieser Website voll umf\u00e4nglich nutzen k\u00f6nnen. Durch die Nutzung dieser Website erkl\u00e4ren Sie sich mit der Bearbeitung der \u00fcber Sie erhobenen Daten durch Google in der zuvor beschriebenen Art und Weise und zu dem zuvor benannten Zweck einverstanden.<\/h6>\n<!-- AddThis Advanced Settings generic via filter on the_content --><!-- AddThis Share Buttons generic via filter on the_content -->","protected":false},"excerpt":{"rendered":"<p>Hallo, mein Name ist Claudio und ich bin s\u00fcchtig nach Kochen, seit Ma mir eine Pfanne f\u00fcr meine Experimente auf den Herd gestellt hat \u2013 da war ich vier. Ich habe Anonyme K\u00f6che 2007 aufgesetzt, weil es bei mir kulinarisch konstant brodelt. Ich schreibe mir hier all die Dinge von der Seele, die meinen Gaumen [&hellip;]<!-- AddThis Advanced Settings generic via filter on wp_trim_excerpt --><!-- AddThis Share Buttons generic via filter on wp_trim_excerpt --><\/p>\n","protected":false},"author":3,"featured_media":0,"parent":0,"menu_order":0,"comment_status":"open","ping_status":"open","template":"","meta":{"footnotes":""},"class_list":["post-2","page","type-page","status-publish","hentry"],"_links":{"self":[{"href":"https:\/\/www.anonymekoeche.net\/index.php?rest_route=\/wp\/v2\/pages\/2","targetHints":{"allow":["GET"]}}],"collection":[{"href":"https:\/\/www.anonymekoeche.net\/index.php?rest_route=\/wp\/v2\/pages"}],"about":[{"href":"https:\/\/www.anonymekoeche.net\/index.php?rest_route=\/wp\/v2\/types\/page"}],"author":[{"embeddable":true,"href":"https:\/\/www.anonymekoeche.net\/index.php?rest_route=\/wp\/v2\/users\/3"}],"replies":[{"embeddable":true,"href":"https:\/\/www.anonymekoeche.net\/index.php?rest_route=%2Fwp%2Fv2%2Fcomments&post=2"}],"version-history":[{"count":36,"href":"https:\/\/www.anonymekoeche.net\/index.php?rest_route=\/wp\/v2\/pages\/2\/revisions"}],"predecessor-version":[{"id":8729,"href":"https:\/\/www.anonymekoeche.net\/index.php?rest_route=\/wp\/v2\/pages\/2\/revisions\/8729"}],"wp:attachment":[{"href":"https:\/\/www.anonymekoeche.net\/index.php?rest_route=%2Fwp%2Fv2%2Fmedia&parent=2"}],"curies":[{"name":"wp","href":"https:\/\/api.w.org\/{rel}","templated":true}]}}

<p><a href="https://www.anonymekoeche.net/?attachment_id=8728" rel="attachment wp-att-8728"><img loading="lazy" decoding="async" class="alignnone size-full wp-image-8728" src="https://www.anonymekoeche.net/wp-content/uploads/AK_NZZaS_Portrait_600p.jpg" alt="Claudio Del Principe" width="600" height="442" srcset="https://www.anonymekoeche.net/wp-content/uploads/AK_NZZaS_Portrait_600p.jpg 600w, https://www.anonymekoeche.net/wp-content/uploads/AK_NZZaS_Portrait_600p-300x221.jpg 300w" sizes="auto, (max-width: 600px) 100vw, 600px" /></a></p>
<p>Hallo, mein Name ist Claudio und ich bin süchtig nach Kochen, seit Ma mir eine Pfanne für meine Experimente auf den Herd gestellt hat – da war ich vier.</p>
<p>Ich habe Anonyme Köche 2007 aufgesetzt, weil es bei mir kulinarisch konstant brodelt. Ich schreibe mir hier all die Dinge von der Seele, die meinen Gaumen stimulieren und meine Sinne ansprechen. Seither hat sich ganz schön was zusammengebraut und die illustre Gesellschaft, die sich hier zum Lesen trifft,       wird immer grösser. Danke für die Lesetreue!</p>
<p>Ich lebe in der Schweiz und arbeite als <a href="http://www.delprincipe.ch/index.php" target="_blank" rel="noopener">Texter</a> und Foodautor im deutschsprachigen Raum. Kulinarische Lesehappen bereite ich also auch à la Carte zu. Damit entfache ich gerne eine heftige Leidenschaft fürs Kochen und Geniessen, die in so vielen von uns schlummert. Aus meiner Kreativküche gibt es Redaktionelles, Reportagen, Rezeptentwicklungen und Randnotizen aus der Sicht eines Kochbesessenen.</p>
<p>Der Header und das Anonyme Köche Logo hat mein allerbester <a href="http://patrickwidmer.com" target="_blank" rel="noopener">Patrick</a> entworfen. Das Foto hat <a href="http://www.nitsch.ch" target="_blank" rel="noopener">Marion</a> geschossen. Ich selbst fotografiere mit einer <a href="https://fuji.ch/de/kamera-und-zubehoer" target="_blank" rel="noopener">Fujifilm</a> X-T2.</p>
<p><strong>Impressum/Datenschutzerklärung:</strong></p>
<h5>Anonyme Köche ist ein persönlicher Blog von Claudio Del Principe ohne kommerzielle Zwecke. Das Lesen der Inhalte ist kostenlos.</h5>
<h5>Kontakt:<br />
Claudio Del Principe<br />
Bündtenweg 20<br />
CH-4102 Binningen<br />
claudio@anonymekoeche.net</h5>
<h6>Haftungsausschluss<br />
Der Autor übernimmt keinerlei Gewähr hinsichtlich der inhaltlichen Richtigkeit, Genauigkeit, Aktualität, Zuverlässigkeit und Vollständigkeit der Informationen. Haftungsansprüche gegen den Autor wegen Schäden materieller oder immaterieller Art, welche aus dem Zugriff oder der Nutzung bzw. Nichtnutzung der veröffentlichten Informationen, durch Missbrauch der Verbindung oder durch technische Störungen entstanden sind, werden ausgeschlossen. Alle Angebote sind unverbindlich. Der Autor behält es sich ausdrücklich vor, Teile der Seiten oder das gesamte Angebot ohne gesonderte Ankündigung zu verändern, zu ergänzen, zu löschen oder die Veröffentlichung zeitweise oder endgültig einzustellen.</h6>
<h6>Haftung für Links<br />
Verweise und Links auf Webseiten Dritter liegen ausserhalb meines Verantwortungsbereichs. Ich lehne jegliche Verantwortung für solcher Webseiten ab. Der Zugriff und die Nutzung solcher Webseiten erfolgen auf eigene Gefahr des Nutzers oder der Nutzerin.</h6>
<h6>Urheberrechte<br />
Die Urheber- und alle anderen Rechte an Inhalten, Bildern, Fotos oder anderen Dateien auf der Website gehören ausschliesslich <strong>Claudio Del Principe</strong> oder den speziell genannten Rechtsinhabern. Für die Reproduktion jeglicher Elemente ist die schriftliche Zustimmung der Urheberrechtsträger im Voraus einzuholen.</h6>
<h6>Datenschutz<br />
Gestützt auf Artikel 13 der schweizerischen Bundesverfassung und die datenschutzrechtlichen Bestimmungen des Bundes (Datenschutzgesetz, DSG) hat jede Person Anspruch auf Schutz ihrer Privatsphäre sowie auf Schutz vor Missbrauch ihrer persönlichen Daten. Ich halte diese Bestimmungen ein. Persönliche Daten werden streng vertraulich behandelt und weder an Dritte verkauft noch weiter gegeben. In enger Zusammenarbeit mit meinem Hosting-Provider bemühen wir uns, die Datenbanken so gut wie möglich vor fremden Zugriffen, Verlusten, Missbrauch oder vor Fälschung zu schützen. Beim Zugriff auf unsere Webseiten werden folgende Daten in Logfiles gespeichert: IP-Adresse, Datum, Uhrzeit, Browser-Anfrage und allg. übertragene Informationen zum Betriebssystem resp. Browser. Diese Nutzungsdaten bilden die Basis für statistische, anonyme Auswertungen, so dass Trends erkennbar sind, anhand derer wir den Inhalt entsprechend verbessern können.</h6>
<h6>Datenschutzerklärung für die Nutzung von Facebook-Plugins (Like-Button)<br />
Auf diesen Seiten sind Plugins des sozialen Netzwerks Facebook, 1601 South California Avenue, Palo Alto, CA 94304, USA integriert. Die Facebook-Plugins erkennen Sie an dem Facebook-Logo oder dem „Like-Button“ („Gefällt mir“) auf unserer Seite. Eine Übersicht über die Facebook-Plugins finden Sie hier: http://developers.facebook.com/docs/plugins/. Wenn Sie diese Seiten besuchen, wird über das Plugin eine direkte Verbindung zwischen Ihrem Browser und dem Facebook-Server hergestellt. Facebook erhält dadurch die Information, dass Sie mit Ihrer IP-Adresse unsere Seite besucht haben. Wenn Sie den Facebook „Like-Button“ anklicken während Sie in Ihrem Facebook-Account eingeloggt sind, können Sie die Inhalte unserer Seiten auf Ihrem Facebook-Profil verlinken. Dadurch kann Facebook den Besuch diese Seiten Ihrem Benutzerkonto zuordnen. Wir weisen darauf hin, dass wir als Anbieter der Seiten keine Kenntnis vom Inhalt der übermittelten Daten sowie deren Nutzung durch Facebook erhalten. Weitere Informationen hierzu finden Sie in der Datenschutzerklärung von facebook unter https://www.facebook.com/about/privacy/ Wenn Sie nicht wünschen, dass Facebook den Besuch unserer Seiten Ihrem Facebook-Nutzerkonto zuordnen kann, loggen Sie sich bitte aus Ihrem Facebook-Benutzerkonto aus.</h6>
<h6>Datenschutzerklärung für die Nutzung von Google Adsense<br />
Diese Website benutzt Google AdSense, einen Dienst zum Einbinden von Werbeanzeigen der Google Inc. („Google“). Google AdSense verwendet sog. „Cookies“, Textdateien, die auf Ihrem Computer gespeichert werden und die eine Analyse der Benutzung der Website ermöglicht. Google AdSense verwendet auch so genannte Web Beacons (unsichtbare Grafiken). Durch diese Web Beacons können Informationen wie der Besucherverkehr auf diesen Seiten ausgewertet werden. Die durch Cookies und Web Beacons erzeugten Informationen über die Benutzung dieser Website (einschließlich Ihrer IP-Adresse) und Auslieferung von Werbeformaten werden an einen Server von Google in den USA übertragen und dort gespeichert. Diese Informationen können von Google an Vertragspartner von Google weiter gegeben werden. Google wird Ihre IP-Adresse jedoch nicht mit anderen von Ihnen gespeicherten Daten zusammenführen. Sie können die Installation der Cookies durch eine entsprechende Einstellung Ihrer Browser Software verhindern; wir weisen Sie jedoch darauf hin, dass Sie in diesem Fall gegebenenfalls nicht sämtliche Funktionen dieser Website voll umfänglich nutzen können. Durch die Nutzung dieser Website erklären Sie sich mit der Bearbeitung der über Sie erhobenen Daten durch Google in der zuvor beschriebenen Art und Weise und zu dem zuvor benannten Zweck einverstanden.</h6>
<h6>Datenschutzerklärung für die Nutzung von Google Analytics<br />
Diese Website benutzt Google Analytics, einen Webanalysedienst der Google Inc. („Google“). Google Analytics verwendet sog. „Cookies“, Textdateien, die auf Ihrem Computer gespeichert werden und die eine Analyse der Benutzung der Website durch Sie ermöglichen. Die durch den Cookie erzeugten Informationen über Ihre Benutzung dieser Website werden in der Regel an einen Server von Google in den USA übertragen und dort gespeichert. Im Falle der Aktivierung der IP-Anonymisierung auf dieser Webseite wird Ihre IP-Adresse von Google jedoch innerhalb von Mitgliedstaaten der Europäischen Union oder in anderen Vertragsstaaten des Abkommens über den Europäischen Wirtschaftsraum zuvor gekürzt. Nur in Ausnahmefällen wird die volle IP-Adresse an einen Server von Google in den USA übertragen und dort gekürzt. Google wird diese Informationen benutzen, um Ihre Nutzung der Website auszuwerten, um Reports über die Websiteaktivitäten für die Websitebetreiber zusammenzustellen und um weitere mit der Websitenutzung und der Internetnutzung verbundene Dienstleistungen zu erbringen. Auch wird Google diese Informationen gegebenenfalls an Dritte übertragen, sofern dies gesetzlich vorgeschrieben oder soweit Dritte diese Daten im Auftrag von Google verarbeiten. Die im Rahmen von Google Analytics von Ihrem Browser übermittelte IP-Adresse wird nicht mit anderen Daten von Google zusammengeführt. Sie können die Installation der Cookies durch eine entsprechende Einstellung Ihrer Browser Software verhindern; wir weisen Sie jedoch darauf hin, dass Sie in diesem Fall gegebenenfalls nicht sämtliche Funktionen dieser Website voll umfänglich nutzen können. Durch die Nutzung dieser Website erklären Sie sich mit der Bearbeitung der über Sie erhobenen Daten durch Google in der zuvor beschriebenen Art und Weise und zu dem zuvor benannten Zweck einverstanden.</h6>
<!-- AddThis Advanced Settings generic via filter on the_content --><!-- AddThis Share Buttons generic via filter on the_content -->

<p>Hallo, mein Name ist Claudio und ich bin süchtig nach Kochen, seit Ma mir eine Pfanne für meine Experimente auf den Herd gestellt hat – da war ich vier. Ich habe Anonyme Köche 2007 aufgesetzt, weil es bei mir kulinarisch konstant brodelt. Ich schreibe mir hier all die Dinge von der Seele, die meinen Gaumen [&hellip;]<!-- AddThis Advanced Settings generic via filter on wp_trim_excerpt --><!-- AddThis Share Buttons generic via filter on wp_trim_excerpt --></p>
